{"id":7,"date":"2024-12-19T01:57:46","date_gmt":"2024-12-19T00:57:46","guid":{"rendered":"https:\/\/batiguyane.fr\/?page_id=7"},"modified":"2024-12-24T21:49:10","modified_gmt":"2024-12-24T20:49:10","slug":"service","status":"publish","type":"page","link":"https:\/\/batiguyane.fr\/index.php\/service\/","title":{"rendered":"Notre qualit\u00e9 de services"},"content":{"rendered":"\n<h3 class=\"wp-block-heading\">Les services de BTP propos\u00e9s par Bati Guyane<\/h3>\n\n\n\n<p><strong>Bati Guyane<\/strong> est votre partenaire de confiance pour tous vos projets de construction et d\u2019am\u00e9nagement en Guyane. Gr\u00e2ce \u00e0 notre expertise de plus de 15 ans dans le secteur des travaux publics et du b\u00e2timent, nous offrons des solutions adapt\u00e9es \u00e0 vos besoins, dans le respect des normes et des sp\u00e9cificit\u00e9s locales.<\/p>\n\n\n\n<h4 class=\"wp-block-heading\"><strong>Nos services :<\/strong><\/h4>\n\n\n\n<ol class=\"wp-block-list\">\n<li><strong>Construction de b\u00e2timents r\u00e9sidentiels et professionnels<\/strong>\n<ul class=\"wp-block-list\">\n<li>R\u00e9alisation de maisons individuelles, logements collectifs et b\u00e2timents commerciaux.<\/li>\n\n\n\n<li>Accompagnement personnalis\u00e9 pour des constructions solides et durables.<\/li>\n<\/ul>\n<\/li>\n\n\n\n<li><strong>Am\u00e9nagements ext\u00e9rieurs<\/strong>\n<ul class=\"wp-block-list\">\n<li>Cr\u00e9ation de terrasses, piscines, jardins et espaces de vie ext\u00e9rieurs.<\/li>\n\n\n\n<li>Solutions esth\u00e9tiques et pratiques, adapt\u00e9es au climat tropical.<\/li>\n<\/ul>\n<\/li>\n\n\n\n<li><strong>Travaux publics et infrastructure<\/strong>\n<ul class=\"wp-block-list\">\n<li>R\u00e9alisation de routes, trottoirs, r\u00e9seaux d\u2019eau et d\u2019\u00e9lectricit\u00e9.<\/li>\n\n\n\n<li>Expertise dans les projets d\u2019envergure pour collectivit\u00e9s et entreprises.<\/li>\n<\/ul>\n<\/li>\n\n\n\n<li><strong>R\u00e9novation et r\u00e9habilitation<\/strong>\n<ul class=\"wp-block-list\">\n<li>Modernisation de b\u00e2timents anciens ou d\u00e9grad\u00e9s.<\/li>\n\n\n\n<li>Mise aux normes et am\u00e9lioration \u00e9nerg\u00e9tique des infrastructures existantes.<\/li>\n<\/ul>\n<\/li>\n\n\n\n<li><strong>\u00c9nergies renouvelables et solutions durables<\/strong>\n<ul class=\"wp-block-list\">\n<li>Installation d\u2019\u00e9oliennes domestiques, panneaux solaires et batteries de stockage.<\/li>\n\n\n\n<li>Int\u00e9gration de solutions \u00e9cologiques dans vos projets de construction.<\/li>\n<\/ul>\n<\/li>\n<\/ol>\n\n\n\n<h4 class=\"wp-block-heading\"><strong>Pourquoi choisir Bati Guyane ?<\/strong><\/h4>\n\n\n\n<ul class=\"wp-block-list\">\n<li>Une \u00e9quipe locale exp\u00e9riment\u00e9e et \u00e0 votre \u00e9coute.<\/li>\n\n\n\n<li>Des mat\u00e9riaux de qualit\u00e9 et des solutions innovantes.<\/li>\n\n\n\n<li>Un engagement envers le respect de l\u2019environnement et le d\u00e9veloppement durable.<\/li>\n<\/ul>\n\n\n\n<p><strong>Avec Bati Guyane, construisez l\u2019avenir tout en valorisant le potentiel unique de la Guyane.<\/strong><\/p>\n\n\n\n<p>Contactez-nous d\u00e8s aujourd\u2019hui pour discuter de vos projets !<\/p>\n","protected":false},"excerpt":{"rendered":"<p>Les services de BTP propos\u00e9s par Bati Guyane Bati Guyane est votre partenaire [&hellip;]<\/p>\n","protected":false},"author":1,"featured_media":0,"parent":0,"menu_order":0,"comment_status":"closed","ping_status":"closed","template":"template-pagebuilder.php","meta":{"footnotes":""},"class_list":["post-7","page","type-page","status-publish","hentry"],"_links":{"self":[{"href":"https:\/\/batiguyane.fr\/index.php\/wp-json\/wp\/v2\/pages\/7","targetHints":{"allow":["GET"]}}],"collection":[{"href":"https:\/\/batiguyane.fr\/index.php\/wp-json\/wp\/v2\/pages"}],"about":[{"href":"https:\/\/batiguyane.fr\/index.php\/wp-json\/wp\/v2\/types\/page"}],"author":[{"embeddable":true,"href":"https:\/\/batiguyane.fr\/index.php\/wp-json\/wp\/v2\/users\/1"}],"replies":[{"embeddable":true,"href":"https:\/\/batiguyane.fr\/index.php\/wp-json\/wp\/v2\/comments?post=7"}],"version-history":[{"count":3,"href":"https:\/\/batiguyane.fr\/index.php\/wp-json\/wp\/v2\/pages\/7\/revisions"}],"predecessor-version":[{"id":129,"href":"https:\/\/batiguyane.fr\/index.php\/wp-json\/wp\/v2\/pages\/7\/revisions\/129"}],"wp:attachment":[{"href":"https:\/\/batiguyane.fr\/index.php\/wp-json\/wp\/v2\/media?parent=7"}],"curies":[{"name":"wp","href":"https:\/\/api.w.org\/{rel}","templated":true}]}}